ermine m(17).
85
Let k(x) = -x**3 + 189*x**2 + 1169*x + 201. Give k(195).
6
Let f(s) = -20311*s - 243723. Give f(-12).
9
Let c(s) = -2*s**3 + 304*s**2 - 143*s - 24032. Determine c(151).
-23
Let z(n) = -237*n + 23209. Calculate z(98).
-17
Let x(p) = -7*p**2 - 870*p + 404. What is x(-125)?
-221
Let r(t) = 33876*t - 508158. Give r(15).
-18
Let m(c) = -3*c**2 + 5581*c + 11166. Calculate m(-2).
-8
Let v(k) = -31290*k + 62570. Calculate v(2).
-10
Let v(c) = -41204*c + 17882545. Calculate v(434).
9
Let z(g) = 7799*g - 7417. What is z(1)?
382
Let k(v) = -7*v**3 - 60*v**2 + 89*v + 47. Determine k(2).
-71
Let w(h) = 90*h**3 + 23*h**2 - 6*h - 2. Give w(2).
798
Let p(w) = w**3 + 20*w**2 - 137*w - 961. Determine p(-24).
23
Let d(o) = -o**3 + 3*o**2 - 11*o + 157. What is d(6)?
-17
Let o(g) = -214*g**2 - 177*g + 24. Determine o(-3).
-1371
Let h(q) = -2*q**3 - 293*q**2 - 1258*q + 2852. Calculate h(-142).
12
Let i(x) = 2*x**2 + 17540*x - 404483. What is i(23)?
-5
Let u(t) = -5825*t - 29133. Calculate u(-5).
-8
Let g(i) = i**2 - 44*i - 868. Calculate g(45).
-823
Let d(h) = -707*h - 53639. Determine d(-76).
93
Let q(m) = 1127*m - 48604. What is q(43)?
-143
Let i(o) = o**2 - 23*o - 1655. What is i(47)?
-527
Let l(c) = -847*c**2 - 44892*c - 56. What is l(-53)?
-3
Let k(s) = 3910*s + 46915. Determine k(-12).
-5
Let h(r) = 325*r - 27067. What is h(83)?
-92
Let b(d) = -5*d**3 - 400*d**2 + 10607*d - 61. Give b(21).
-19
Let r(h) = 2190*h - 52526. Determine r(24).
34
Let f(l) = 42*l - 3704. What is f(74)?
-596
Let a(p) = 22448*p - 67344. What is a(3)?
0
Let d(m) = -m**3 + 68*m**2 - 1048*m + 584. Calculate d(45).
-1
Let m(v) = v**3 + 18*v**2 - 151*v - 1469. Determine m(-6).
-131
Let s(q) = 3*q**2 + 66*q - 2152. Determine s(22).
752
Let w(h) = -h**3 - 15*h + 2. Calculate w(4).
-122
Let a(f) = f**3 - 29*f**2 + 28*f - 287. Determine a(28).
-287
Let m(p) = p**3 + 140*p**2 + 2889*p - 152468. Calculate m(-79).
2
Let v(i) = -7166*i - 594874. Calculate v(-83).
-96
Let b(d) = d**3 + 28*d**2 + 559*d - 10865. Calculate b(11).
3
Let v(t) = -44806*t**2 + 313659*t - 121. Determine v(7).
-2
Let n(z) = 3039*z + 92832. Determine n(-31).
-1377
Let q(w) = w**3 + 75*w**2 - 275*w - 3167. Give q(-78).
31
Let a(j) = -662*j - 58923. Determine a(-89).
-5
Let y(p) = 10*p**3 - 49*p**2 - 2720*p + 13603. Determine y(5).
28
Let x(s) = -s**2 - 1985*s - 797136. Give x(-559).
-2
Let f(b) = 651*b - 297. What is f(1)?
354
Let w(k) = 4136*k - 20707. What is w(5)?
-27
Let s(t) = -60*t**2 + 2969*t - 21899. What is s(9)?
-38
Let z(n) = -n**2 + 2787*n - 347951. Calculate z(131).
-15
Let w(f) = f**3 - 93*f**2 - 2015*f + 47. Calculate w(-19).
-2100
Let f(b) = -3*b**2 + 144*b - 61. What is f(47)?
80
Let j(u) = -6977*u + 203257. Give j(29).
924
Let k(c) = 676*c - 363025. Give k(537).
-13
Let f(j) = j**3 - 428*j**2 - 402*j - 11589. What is f(429)?
-6
Let y(j) = -12*j**3 - 2377*j**2 - 31097*j - 192. What is y(-184)?
-8
Let j(n) = -n**2 + 36715*n - 2309050. Determine j(63).
26
Let w(a) = 116*a**2 - 257*a + 63. Give w(2).
13
Let f(s) = -1041*s + 66044. Give f(63).
461
Let l(z) = -18*z**3 - z**2 - 30*z - 85. Determine l(-3).
482
Let b(q) = 48*q**2 - 1148*q - 91. Calculate b(24).
5
Let h(b) = 29*b**2 - 228*b - 2236. What is h(-8)?
1444
Let c(g) = 29*g**2 - 36345*g - 145402. What is c(-4)?
442
Let t(m) = m**3 + 19*m**2 + 26*m + 193. Give t(-13).
869
Let t(q) = 731*q - 12120. Give t(21).
3231
Let a(q) = -2*q**3 + 154*q**2 - 2713*q - 3403. Give a(48).
5
Let p(r) = -25*r - 3064. Give p(-109).
-339
Let r(p) = p**2 - 77*p - 4016. Give r(117).
664
Let r(l) = -4*l**3 - 709*l**2 + 117*l + 52094. What is r(-177)?
56
Let x(c) = -c**3 - 104*c**2 + 984*c + 35660. Calculate x(-110).
20
Let b(a) = 12386*a + 111436. Determine b(-9).
-38
Let r(w) = -101724*w + 7018963. Calculate r(69).
7
Let c(g) = g**3 - 27*g**2 - 29*g + 1580. Determine c(25).
-395
Let d(c) = c**3 + 69*c**2 - 4854*c - 4267. Determine d(-112).
-11
Let g(k) = -2*k**2 + 1339*k - 62004. Calculate g(50).
-54
Let z(a) = 45*a**2 + 441*a - 167. Determine z(-4).
-1211
Let q(z) = -2*z**2 + 139*z + 20740. Give q(-73).
-65
Let c(n) = n**3 + 10*n**2 - 470*n - 4339. Calculate c(-9).
-28
Let j(c) = -731*c + 4404. Give j(6).
18
Let k(d) = 3*d**3 + 14*d**2 - 194*d + 237. Calculate k(5).
-8
Let i(v) = 972*v + 81560. Determine i(-84).
-88
Let r(b) = 227*b**2 - 54935*b + 219. Determine r(242).
-23
Let m(f) = -5082*f - 203270. Determine m(-40).
10
Let k(r) = 7438*r - 148743. Give k(20).
17
Let m(l) = -9*l**2 + 380*l - 59. What is m(39)?
1072
Let c(o) = -o**2 - 853*o + 26510. Determine c(30).
20
Let j(s) = 474*s - 1362. Determine j(5).
1008
Let t(m) = -2*m**2 - 79*m + 3702. Determine t(-67).
17
Let b(y) = -13*y**2 + 249*y + 7089. Give b(-17).
-901
Let b(w) = -6*w**2 + 112*w - 1121. Give b(12).
-641
Let k(y) = -64563*y - 4261163. Determine k(-66).
-5
Let v(p) = -1414*p - 3927. Calculate v(-3).
315
Let o(c) = -c**2 + 771*c + 14896. Determine o(-19).
-114
Let i(d) = 75*d**2 + 612*d + 53. Determine i(-8).
-43
Let p(u) = -593*u - 109128. What is p(-184)?
-16
Let l(f) = 7*f**2 - 60*f - 660. Determine l(26).
2512
Let l(h) = 1393*h + 1438. What is l(-1)?
45
Let k(v) = v**2 - 1998*v + 538328. What is k(321)?
11
Let b(m) = 4*m**2 - 46*m - 155. Determine b(-5).
175
Let h(a) = -797260*a - 19134235. Give h(-24).
5
Let z(q) = -2*q**2 + 117593*q - 587904. What is z(5)?
11
Let g(s) = 9930*s**2 + 148944*s - 100. Give g(-15).
-10
Let f(j) = -j**2 + 49*j - 267. Calculate f(16).
261
Let h(s) = -s**2 - 436*s - 23506. Give h(-373).
-7
Let u(q) = q**3 - 51*q**2 + 653*q - 67. Calculate u(26).
11
Let v(p) = p**2 + 258*p + 10031. What is v(-48)?
-49
Let w(d) = -2*d**2 + 36236*d - 579307. What is w(16)?
-43
Let x(j) = 740*j + 16069. Calculate x(-22).
-211
Let g(w) = -83709*w - 585957. Calculate g(-7).
6
Let n(y) = -7*y**2 + 524*y + 825. What is n(77)?
-330
Let t(h) = 144393*h + 1155144. What is t(-8)?
0
Let m(l) = -275376*l - 1927809. What is m(-7)?
-177
Let g(f) = -4*f**2 + 1202*f - 8141. Calculate g(7).
77
Let w(f) = -57*f**2 + 57445*f + 11103. What is w(1008)?
15
Let m(z) = -3*z**3 - 23*z**2 + 62*z + 503. Give m(-6).
-49
Let w(i) = i**3 + 51*i**2 - 100*i + 9690. What is w(-56)?
-390
Let q(g) = 14*g**2 + 58*g - 546. Calculate q(8).
814
Let j(i) = -1981*i + 2823. Give j(2).
-1139
Let a(d) = -1472*d - 78592. What is a(-54)?
896
Let u(z) = 3*z**3 + 67*z**2 - 3490*z + 57. Give u(-47).
621
Let g(b) = 828*b + 42203. Determine g(-51).
-25
Let a(j) = -860405*j - 860377. Give a(-1).
28
Let u(b) = 5*b**2 - 3491*b - 39006. Calculate u(-11).
0
Let i(d) = -85*d - 433. Give i(-33).
2372
Let t(s) = -2*s**3 + 484*s**2 - 481*s - 2940. Determine t(241).
-2699
Let a(u) = 1723*u + 28989. What is a(-17)?
-302
Let x(b) = -82*b**3 - 50679*b**2 - 1849*b + 3253. Calculate x(-618).
163
Let x(k) = k**2 - 342*k + 16932. Give x(60).
12
Let w(n) = 1220*n - 57392. What is w(47)?
-52
Let b(w) = 3*w**2 - 608*w + 21310. Give b(45).
25
Let h(s) = 5*s**3 - 26*s**2 - 186*s + 145. Determine h(9).
10
Let a(q) = -15*q**3 - 7*q + 4. Give a(1).
-18
Let c(s) = -7*s**2 - 39552*s + 28. What is c(0)?
28
Let g(h) = -h**2 - 38852*h + 388633. Give g(10).
13
Let l(c) = c**2 - 49617*c - 1191329. Give l(-24).
55
Let b(t) = 8484*t + 1085952. What is b(-128)?
0
Let j(t) = 3*t**3 - 2034*t**2 - 41874*t - 4194. What is j(698)?
-6
Let y(t) = t**3 - 28*t**2 + 162*t + 24. What is y(21)?
339
Let w(h) = -1870*h - 31730. Determine w(-18).
1930
Let t(p) = -3*p**3 - 27*p**2 - 2508*p - 4918. Calculate t(-2).
14
Let q(n) = -n**2 + 70*n + 803. Give q(-14).
-373
Let a(z) = 53*z**3 - 4*z**2 + 71*z + 319. Give a(-4).
-3421
Let h(k) = 54443*k + 598885. What is h(-11)?
12
Let v(j) = 502*j + 570840. Give v(-1137).
66
Let t(n) = -5*n**2 + 43*n - 119. Calculate t(6).
-41
Let t(w) = -w**3 - 429*w**2 + 640*w - 95732. Give t(-431).
-50
Let m(d) = -2*d**3 - 241*d**2 + 5467*d + 965. What is m(-140)?
-15
Let w(n) = -3*n**3 - 111*n**2 - 129*n - 682. What is w(-36)?
74
Let k(c) = -c**3 - 15*c**2 + 63*c + 161. Determine k(-18).
-1
Let c(s) = 1125905*s + 2251827. Calculate c(-2).
17
Let j(w) = 67*w + 695. What is j(-8)?
159
Let c(h) = -3*h**2 - 574*h - 27386. Determine c(-99).
37
Let y(d) = -d**3 + 4*d**2 - 4*d - 59. Calculate y(-5).
186
Let a(n) = -n**3 + 5*n**2 - 182*n + 781. Give a(4).
69
Le